{"id":206,"date":"2026-06-02T13:51:54","date_gmt":"2026-06-02T13:51:54","guid":{"rendered":"https:\/\/www.relaxndance.fr\/?page_id=206"},"modified":"2026-08-25T05:48:09","modified_gmt":"2026-08-25T05:48:09","slug":"ados","status":"publish","type":"page","link":"https:\/\/www.relaxndance.fr\/index.php\/ados\/","title":{"rendered":"Ados"},"content":{"rendered":"\n<h2 class=\"wp-block-heading has-text-align-center\"><strong>Modern&rsquo;Jazz<\/strong><\/h2>\n\n\n\n<p class=\"has-text-align-center wp-block-paragraph\">Le <strong>Modern&rsquo;Jazz <\/strong>combine&nbsp;<strong>sport, technique, cr\u00e9ativit\u00e9 et confiance en soi<\/strong>&nbsp;dans un cadre ludique et social. C&rsquo;est id\u00e9al pour se d\u00e9penser physiquement tout en d\u00e9veloppant musicalit\u00e9, coordination et expression corporelle<\/p>\n\n\n\n<p class=\"has-text-align-center wp-block-paragraph\">Les ados d\u00e9couvrent des chor\u00e9graphies sur des musiques vari\u00e9es (Pop, RnB, Jazz), participent \u00e0 des spectacles et d\u00e9veloppent leur propre style dans un esprit d&rsquo;\u00e9quipe bienveillant.<\/p>\n\n\n\n<p class=\"has-text-align-center wp-block-paragraph\">pour les ados (12-17 ans).<\/p>\n\n\n\n<div class=\"wp-block-uagb-image aligncenter uagb-block-b70c338b wp-block-uagb-image--layout-default wp-block-uagb-image--effect-static wp-block-uagb-image--align-center\"><figure class=\"wp-block-uagb-image__figure\"><img decoding=\"async\" src=\"https:\/\/www.relaxndance.fr\/wp-content\/uploads\/2026\/08\/Modern-Jazz-Ados-site-300x300.jpg\" alt=\"modern jazz ados site\" class=\"uag-image-406\" width=\"300\" height=\"300\" title=\"modern jazz ados site\" loading=\"lazy\" role=\"img\" \/><\/figure><\/div>\n\n\n\n<p class=\"wp-block-paragraph\"><\/p>\n\n\n\n<p class=\"has-text-align-center has-theme-palette-3-color has-text-color has-link-color wp-elements-1 wp-block-paragraph\">Pour les horaires, veuillez consulter notre <a href=\"https:\/\/www.relaxndance.fr\/index.php\/planning-tarifs\/\" data-type=\"page\" data-id=\"157\"><strong>planning<\/strong><\/a>.<\/p>\n\n\n\n<p class=\"wp-block-paragraph\"><\/p>\n","protected":false},"excerpt":{"rendered":"<p>Modern&rsquo;Jazz Le Modern&rsquo;Jazz combine&nbsp;sport, technique, cr\u00e9ativit\u00e9 et confiance en soi&nbsp;dans un cadre ludique et social. C&rsquo;est id\u00e9al pour se d\u00e9penser physiquement tout en d\u00e9veloppant musicalit\u00e9, coordination et expression corporelle Les ados d\u00e9couvrent des chor\u00e9graphies sur des musiques vari\u00e9es (Pop, RnB, Jazz), participent \u00e0 des spectacles et d\u00e9veloppent leur propre style dans un esprit d&rsquo;\u00e9quipe bienveillant&#8230;.<\/p>\n","protected":false},"author":1,"featured_media":0,"parent":0,"menu_order":0,"comment_status":"closed","ping_status":"closed","template":"","meta":{"_angie_page":false,"_uag_custom_page_level_css":"","_kadence_starter_templates_imported_post":false,"_kad_post_transparent":"","_kad_post_title":"","_kad_post_layout":"","_kad_post_sidebar_id":"","_kad_post_content_style":"","_kad_post_vertical_padding":"","_kad_post_feature":"","_kad_post_feature_position":"","_kad_post_header":false,"_kad_post_footer":false,"_kad_post_classname":"","footnotes":""},"class_list":["post-206","page","type-page","status-publish","hentry"],"uagb_featured_image_src":{"full":false,"thumbnail":false,"medium":false,"medium_large":false,"large":false,"1536x1536":false,"2048x2048":false},"uagb_author_info":{"display_name":"admin1505","author_link":"https:\/\/www.relaxndance.fr\/index.php\/author\/admin1505\/"},"uagb_comment_info":0,"uagb_excerpt":"Modern&rsquo;Jazz Le Modern&rsquo;Jazz combine&nbsp;sport, technique, cr\u00e9ativit\u00e9 et confiance en soi&nbsp;dans un cadre ludique et social. C&rsquo;est id\u00e9al pour se d\u00e9penser physiquement tout en d\u00e9veloppant musicalit\u00e9, coordination et expression corporelle Les ados d\u00e9couvrent des chor\u00e9graphies sur des musiques vari\u00e9es (Pop, RnB, Jazz), participent \u00e0 des spectacles et d\u00e9veloppent leur propre style dans un esprit d&rsquo;\u00e9quipe bienveillant....","_links":{"self":[{"href":"https:\/\/www.relaxndance.fr\/index.php\/wp-json\/wp\/v2\/pages\/206","targetHints":{"allow":["GET"]}}],"collection":[{"href":"https:\/\/www.relaxndance.fr\/index.php\/wp-json\/wp\/v2\/pages"}],"about":[{"href":"https:\/\/www.relaxndance.fr\/index.php\/wp-json\/wp\/v2\/types\/page"}],"author":[{"embeddable":true,"href":"https:\/\/www.relaxndance.fr\/index.php\/wp-json\/wp\/v2\/users\/1"}],"replies":[{"embeddable":true,"href":"https:\/\/www.relaxndance.fr\/index.php\/wp-json\/wp\/v2\/comments?post=206"}],"version-history":[{"count":6,"href":"https:\/\/www.relaxndance.fr\/index.php\/wp-json\/wp\/v2\/pages\/206\/revisions"}],"predecessor-version":[{"id":408,"href":"https:\/\/www.relaxndance.fr\/index.php\/wp-json\/wp\/v2\/pages\/206\/revisions\/408"}],"wp:attachment":[{"href":"https:\/\/www.relaxndance.fr\/index.php\/wp-json\/wp\/v2\/media?parent=206"}],"curies":[{"name":"wp","href":"https:\/\/api.w.org\/{rel}","templated":true}]}}

<h2 class="wp-block-heading has-text-align-center"><strong>Modern&rsquo;Jazz</strong></h2>



<p class="has-text-align-center wp-block-paragraph">Le <strong>Modern&rsquo;Jazz </strong>combine&nbsp;<strong>sport, technique, créativité et confiance en soi</strong>&nbsp;dans un cadre ludique et social. C&rsquo;est idéal pour se dépenser physiquement tout en développant musicalité, coordination et expression corporelle</p>



<p class="has-text-align-center wp-block-paragraph">Les ados découvrent des chorégraphies sur des musiques variées (Pop, RnB, Jazz), participent à des spectacles et développent leur propre style dans un esprit d&rsquo;équipe bienveillant.</p>



<p class="has-text-align-center wp-block-paragraph">pour les ados (12-17 ans).</p>



<div class="wp-block-uagb-image aligncenter uagb-block-b70c338b wp-block-uagb-image--layout-default wp-block-uagb-image--effect-static wp-block-uagb-image--align-center"><figure class="wp-block-uagb-image__figure"><img decoding="async" src="https://www.relaxndance.fr/wp-content/uploads/2026/08/Modern-Jazz-Ados-site-300x300.jpg" alt="modern jazz ados site" class="uag-image-406" width="300" height="300" title="modern jazz ados site" loading="lazy" role="img" /></figure></div>



<p class="wp-block-paragraph"></p>



<p class="has-text-align-center has-theme-palette-3-color has-text-color has-link-color wp-elements-1 wp-block-paragraph">Pour les horaires, veuillez consulter notre <a href="https://www.relaxndance.fr/index.php/planning-tarifs/" data-type="page" data-id="157"><strong>planning</strong></a>.</p>



<p class="wp-block-paragraph"></p>

<p>Modern&rsquo;Jazz Le Modern&rsquo;Jazz combine&nbsp;sport, technique, créativité et confiance en soi&nbsp;dans un cadre ludique et social. C&rsquo;est idéal pour se dépenser physiquement tout en développant musicalité, coordination et expression corporelle Les ados découvrent des chorégraphies sur des musiques variées (Pop, RnB, Jazz), participent à des spectacles et développent leur propre style dans un esprit d&rsquo;équipe bienveillant&#8230;.</p>

Modern&rsquo;Jazz Le Modern&rsquo;Jazz combine&nbsp;sport, technique, créativité et confiance en soi&nbsp;dans un cadre ludique et social. C&rsquo;est idéal pour se dépenser physiquement tout en développant musicalité, coordination et expression corporelle Les ados découvrent des chorégraphies sur des musiques variées (Pop, RnB, Jazz), participent à des spectacles et développent leur propre style dans un esprit d&rsquo;équipe bienveillant....
