{"id":205,"date":"2026-06-02T13:51:54","date_gmt":"2026-06-02T13:51:54","guid":{"rendered":"https:\/\/www.relaxndance.fr\/?page_id=205"},"modified":"2026-08-25T05:46:34","modified_gmt":"2026-08-25T05:46:34","slug":"enfants","status":"publish","type":"page","link":"https:\/\/www.relaxndance.fr\/index.php\/enfants\/","title":{"rendered":"Enfants"},"content":{"rendered":"\n<h2 class=\"wp-block-heading has-text-align-center\"><strong>\u00c9veil Danse<\/strong><\/h2>\n\n\n\n<p class=\"has-text-align-center wp-block-paragraph\">&nbsp;L&rsquo;<strong>\u00e9veil danse<\/strong>&nbsp;privil\u00e9gie la d\u00e9couverte ludique et la spontan\u00e9it\u00e9 <\/p>\n\n\n\n<p class=\"has-text-align-center wp-block-paragraph\">pour les plus jeunes (4\u20136 ans)<\/p>\n\n\n\n<div class=\"wp-block-uagb-image aligncenter uagb-block-b70c338b wp-block-uagb-image--layout-default wp-block-uagb-image--effect-static wp-block-uagb-image--align-center\"><figure class=\"wp-block-uagb-image__figure\"><img decoding=\"async\" src=\"https:\/\/www.relaxndance.fr\/wp-content\/uploads\/2026\/08\/Eveil-Danse-2-site-1024x1024.jpg\" alt=\"eveil danse 2 site\" class=\"uag-image-403\" width=\"2000\" height=\"2000\" title=\"eveil danse 2 site\" loading=\"lazy\" role=\"img\" \/><\/figure><\/div>\n\n\n\n<h2 class=\"wp-block-heading has-text-align-center\"><strong>Modern&rsquo;Jazz<\/strong><\/h2>\n\n\n\n<p class=\"has-text-align-center wp-block-paragraph\">Le&nbsp;<strong>Modern&rsquo;Jazz<\/strong>&nbsp;apporte une&nbsp;<strong>technique structur\u00e9e<\/strong>&nbsp;tout en d\u00e9veloppant \u00e9nergie, expressivit\u00e9 et musicalit\u00e9 <\/p>\n\n\n\n<p class=\"has-text-align-center wp-block-paragraph\">pour les enfants plus grands (7-11 ans). <\/p>\n\n\n\n<div class=\"wp-block-uagb-image aligncenter uagb-block-b70c338b wp-block-uagb-image--layout-default wp-block-uagb-image--effect-static wp-block-uagb-image--align-center\"><figure class=\"wp-block-uagb-image__figure\"><img decoding=\"async\" src=\"https:\/\/www.relaxndance.fr\/wp-content\/uploads\/2026\/08\/Modern-Jazz-enfants-300x300.jpg\" alt=\"modern jazz enfants\" class=\"uag-image-401\" width=\"300\" height=\"300\" title=\"modern jazz enfants\" loading=\"lazy\" role=\"img\" \/><\/figure><\/div>\n\n\n\n<p class=\"wp-block-paragraph\"><\/p>\n\n\n\n<p class=\"has-text-align-center wp-block-paragraph\">Les deux activit\u00e9s d\u00e9veloppent musicalit\u00e9, coordination et expression corporelle, mais avec des niveaux d&rsquo;exigence technique adapt\u00e9s \u00e0 l&rsquo;\u00e2ge.<\/p>\n\n\n\n<p class=\"wp-block-paragraph\"><\/p>\n\n\n\n<p class=\"has-text-align-center has-theme-palette-3-color has-text-color has-link-color wp-elements-1 wp-block-paragraph\">Pour les horaires, veuillez consulter notre <a href=\"https:\/\/www.relaxndance.fr\/index.php\/planning-tarifs\/\" data-type=\"page\" data-id=\"157\"><strong>planning<\/strong><\/a>.<\/p>\n\n\n\n<p class=\"wp-block-paragraph\"><\/p>\n","protected":false},"excerpt":{"rendered":"<p>\u00c9veil Danse &nbsp;L&rsquo;\u00e9veil danse&nbsp;privil\u00e9gie la d\u00e9couverte ludique et la spontan\u00e9it\u00e9 pour les plus jeunes (4\u20136 ans) Modern&rsquo;Jazz Le&nbsp;Modern&rsquo;Jazz&nbsp;apporte une&nbsp;technique structur\u00e9e&nbsp;tout en d\u00e9veloppant \u00e9nergie, expressivit\u00e9 et musicalit\u00e9 pour les enfants plus grands (7-11 ans). Les deux activit\u00e9s d\u00e9veloppent musicalit\u00e9, coordination et expression corporelle, mais avec des niveaux d&rsquo;exigence technique adapt\u00e9s \u00e0 l&rsquo;\u00e2ge. Pour les horaires, veuillez&#8230;<\/p>\n","protected":false},"author":1,"featured_media":0,"parent":0,"menu_order":0,"comment_status":"closed","ping_status":"closed","template":"","meta":{"_angie_page":false,"_uag_custom_page_level_css":"","_kadence_starter_templates_imported_post":false,"_kad_post_transparent":"","_kad_post_title":"","_kad_post_layout":"","_kad_post_sidebar_id":"","_kad_post_content_style":"","_kad_post_vertical_padding":"","_kad_post_feature":"","_kad_post_feature_position":"","_kad_post_header":false,"_kad_post_footer":false,"_kad_post_classname":"","footnotes":""},"class_list":["post-205","page","type-page","status-publish","hentry"],"uagb_featured_image_src":{"full":false,"thumbnail":false,"medium":false,"medium_large":false,"large":false,"1536x1536":false,"2048x2048":false},"uagb_author_info":{"display_name":"admin1505","author_link":"https:\/\/www.relaxndance.fr\/index.php\/author\/admin1505\/"},"uagb_comment_info":0,"uagb_excerpt":"\u00c9veil Danse &nbsp;L&rsquo;\u00e9veil danse&nbsp;privil\u00e9gie la d\u00e9couverte ludique et la spontan\u00e9it\u00e9 pour les plus jeunes (4\u20136 ans) Modern&rsquo;Jazz Le&nbsp;Modern&rsquo;Jazz&nbsp;apporte une&nbsp;technique structur\u00e9e&nbsp;tout en d\u00e9veloppant \u00e9nergie, expressivit\u00e9 et musicalit\u00e9 pour les enfants plus grands (7-11 ans). Les deux activit\u00e9s d\u00e9veloppent musicalit\u00e9, coordination et expression corporelle, mais avec des niveaux d&rsquo;exigence technique adapt\u00e9s \u00e0 l&rsquo;\u00e2ge. Pour les horaires, veuillez...","_links":{"self":[{"href":"https:\/\/www.relaxndance.fr\/index.php\/wp-json\/wp\/v2\/pages\/205","targetHints":{"allow":["GET"]}}],"collection":[{"href":"https:\/\/www.relaxndance.fr\/index.php\/wp-json\/wp\/v2\/pages"}],"about":[{"href":"https:\/\/www.relaxndance.fr\/index.php\/wp-json\/wp\/v2\/types\/page"}],"author":[{"embeddable":true,"href":"https:\/\/www.relaxndance.fr\/index.php\/wp-json\/wp\/v2\/users\/1"}],"replies":[{"embeddable":true,"href":"https:\/\/www.relaxndance.fr\/index.php\/wp-json\/wp\/v2\/comments?post=205"}],"version-history":[{"count":8,"href":"https:\/\/www.relaxndance.fr\/index.php\/wp-json\/wp\/v2\/pages\/205\/revisions"}],"predecessor-version":[{"id":404,"href":"https:\/\/www.relaxndance.fr\/index.php\/wp-json\/wp\/v2\/pages\/205\/revisions\/404"}],"wp:attachment":[{"href":"https:\/\/www.relaxndance.fr\/index.php\/wp-json\/wp\/v2\/media?parent=205"}],"curies":[{"name":"wp","href":"https:\/\/api.w.org\/{rel}","templated":true}]}}

<h2 class="wp-block-heading has-text-align-center"><strong>Éveil Danse</strong></h2>



<p class="has-text-align-center wp-block-paragraph">&nbsp;L&rsquo;<strong>éveil danse</strong>&nbsp;privilégie la découverte ludique et la spontanéité </p>



<p class="has-text-align-center wp-block-paragraph">pour les plus jeunes (4–6 ans)</p>



<div class="wp-block-uagb-image aligncenter uagb-block-b70c338b wp-block-uagb-image--layout-default wp-block-uagb-image--effect-static wp-block-uagb-image--align-center"><figure class="wp-block-uagb-image__figure"><img decoding="async" src="https://www.relaxndance.fr/wp-content/uploads/2026/08/Eveil-Danse-2-site-1024x1024.jpg" alt="eveil danse 2 site" class="uag-image-403" width="2000" height="2000" title="eveil danse 2 site" loading="lazy" role="img" /></figure></div>



<h2 class="wp-block-heading has-text-align-center"><strong>Modern&rsquo;Jazz</strong></h2>



<p class="has-text-align-center wp-block-paragraph">Le&nbsp;<strong>Modern&rsquo;Jazz</strong>&nbsp;apporte une&nbsp;<strong>technique structurée</strong>&nbsp;tout en développant énergie, expressivité et musicalité </p>



<p class="has-text-align-center wp-block-paragraph">pour les enfants plus grands (7-11 ans). </p>



<div class="wp-block-uagb-image aligncenter uagb-block-b70c338b wp-block-uagb-image--layout-default wp-block-uagb-image--effect-static wp-block-uagb-image--align-center"><figure class="wp-block-uagb-image__figure"><img decoding="async" src="https://www.relaxndance.fr/wp-content/uploads/2026/08/Modern-Jazz-enfants-300x300.jpg" alt="modern jazz enfants" class="uag-image-401" width="300" height="300" title="modern jazz enfants" loading="lazy" role="img" /></figure></div>



<p class="wp-block-paragraph"></p>



<p class="has-text-align-center wp-block-paragraph">Les deux activités développent musicalité, coordination et expression corporelle, mais avec des niveaux d&rsquo;exigence technique adaptés à l&rsquo;âge.</p>



<p class="wp-block-paragraph"></p>



<p class="has-text-align-center has-theme-palette-3-color has-text-color has-link-color wp-elements-1 wp-block-paragraph">Pour les horaires, veuillez consulter notre <a href="https://www.relaxndance.fr/index.php/planning-tarifs/" data-type="page" data-id="157"><strong>planning</strong></a>.</p>



<p class="wp-block-paragraph"></p>

<p>Éveil Danse &nbsp;L&rsquo;éveil danse&nbsp;privilégie la découverte ludique et la spontanéité pour les plus jeunes (4–6 ans) Modern&rsquo;Jazz Le&nbsp;Modern&rsquo;Jazz&nbsp;apporte une&nbsp;technique structurée&nbsp;tout en développant énergie, expressivité et musicalité pour les enfants plus grands (7-11 ans). Les deux activités développent musicalité, coordination et expression corporelle, mais avec des niveaux d&rsquo;exigence technique adaptés à l&rsquo;âge. Pour les horaires, veuillez&#8230;</p>

Éveil Danse &nbsp;L&rsquo;éveil danse&nbsp;privilégie la découverte ludique et la spontanéité pour les plus jeunes (4–6 ans) Modern&rsquo;Jazz Le&nbsp;Modern&rsquo;Jazz&nbsp;apporte une&nbsp;technique structurée&nbsp;tout en développant énergie, expressivité et musicalité pour les enfants plus grands (7-11 ans). Les deux activités développent musicalité, coordination et expression corporelle, mais avec des niveaux d&rsquo;exigence technique adaptés à l&rsquo;âge. Pour les horaires, veuillez...
